0022102 (base 3) to base 11.
1129a8
What is 4234334 (base 7) in base 9?
861572
Convert -581d78 (base 14) to base 16.
-2dcdf6
What is 1403143 (base 13) in base 5?
3104200141
115496 (base 10) to base 11
79857
25850 (base 9) to base 2
100010000110100
44e23 (base 15) to base 12
a6a13
-43863 (base 14) to base 11
-101973
What is 2011401 (base 7) in base 5?
30110424
Convert 6101727 (base 10) to base 9.
12428886
What is -1001010111011010111 (base 2) in base 3?
-120120222210
What is 28c6c (base 13) in base 6?
1351344
What is -a2421 (base 11) in base 6?
-3112255
What is -890b3 (base 16) in base 3?
-1001112000001
Convert 3f8ba0 (base 16) to base 6.
225132052
Convert 302089 (base 12) to base 15.
ec38c
Convert 1551976 (base 10) to base 9.
2824817
Convert 3103253 (base 6) to base 7.
1155636
Convert -4cd03 (base 14) to base 7.
-1415303
Convert -5128c3 (base 15) to base 6.
-214352533
What is -131213310 (base 4) in base 13?
-432c3
What is 48bcd (base 16) in base 15?
5d423
Convert -44214011 (base 5) to base 4.
-1131112231
What is -101100111111 (base 3) in base 8?
-615753
-1104421434 (base 5) to base 15
-32c199
e0cb61 (base 15) to base 6
1020442044
-12011122121201 (base 3) to base 16
-29f16d
Convert -1c458 (base 14) to base 2.
-10001101000001110
32321333301 (base 4) to base 12
13853a9
Convert -100110000001001000000 (base 2) to base 16.
-130240
What is 10220120100 (base 3) in base 9?
126510
-1101100101220 (base 3) to base 14
-151c90
Convert -f1b59 (base 16) to base 3.
-1212022002012
Convert 40234010 (base 5) to base 7.
2505145
Convert -3787764 (base 9) to base 14.
-3bac30
-101143134 (base 5) to base 7
-3335011
What is -123110202 (base 5) in base 13?
-17bca7
-2881b (base 14) to base 5
-11203002
11043230 (base 6) to base 11
207906
What is 85710 (base 11) in base 13?
4496a
What is -99800 (base 15) in base 2?
-1110111000101111000
3025402 (base 6) to base 7
1136126
-2220111202011 (base 3) to base 15
-207cea
What is 10010201211 (base 3) in base 16?
f14b
What is 13b702 (base 16) in base 13?
363123
16de1 (base 15) to base 3
10202112011
Convert 133020211 (base 4) to base 13.
46078
-43443441 (base 6) to base 3
-2102212220021
b0a2b (base 12) to base 5
24321241
304911 (base 12) to base 9
1370244
Convert 4272821 (base 9) to base 4.
20233203022
What is -4113a (base 16) in base 2?
-1000001000100111010
1052250 (base 7) to base 11
8a032
Convert 258a766 (base 11) to base 16.
445af6
-362ba5 (base 15) to base 3
-11212122112102
Convert 14d6c (base 14) to base 6.
1040524
10214440 (base 5) to base 11
59367
Convert -156842 (base 9) to base 11.
-668a4
Convert 12b039a (base 12) to base 6.
211322314
What is -1278 (base 16) in base 2?
-1001001111000
-20114301 (base 6) to base 2
-10001011001000111101
Convert -2631718 (base 12) to base 10.
-7529924
What is -303023101 (base 5) in base 2?
-100101001111100110001
Convert 116914 (base 15) to base 6.
25501114
What is -1252522 (base 7) in base 9?
-270231
-3437705 (base 9) to base 16
-1c5185
What is 41240234 (base 5) in base 12?
142ba8
538517 (base 13) to base 14
390701
Convert 3576f (base 16) to base 15.
44d46
Convert 358310 (base 14) to base 2.
110111110010100001010
Convert 6363522 (base 7) to base 3.
1110020000000
What is 5644b (base 13) in base 10?
156726
-1847560 (base 10) to base 13
-4c8c40
Convert -2111001010110 (base 3) to base 16.
-14229f
Convert -46958 (base 10) to base 9.
-71365
Convert -2880647 (base 9) to base 7.
-16333405
What is 2174637 (base 9) in base 8?
4357536
Convert -3097979 (base 10) to base 2.
-1011110100010101111011
What is -2010012112002 (base 3) in base 7?
-12366446
What is -2651051 (base 9) in base 12?
-59b684
-11011212122 (base 3) to base 15
-195ab
What is -989ca4 (base 13) in base 2?
-1101101100111101111100
Convert -5a90f (base 16) to base 6.
-11541223
13341245 (base 8) to base 2
1011011100001010100101
What is -630454 (base 7) in base 12?
-527b4
Convert 103010113000 (base 4) to base 2.
10011000100010111000000
2101222022200 (base 3) to base 5
311411100
Convert -2011121101 (base 3) to base 15.
-c9d4
What is -52558c (base 13) in base 3?
-10121211100001
423b45 (base 15) to base 3
12221002221002
What is -97bc5 (base 13) in base 5?
-32240243
200111121021 (base 3) to base 16
58eb2
What is -7614a8 (base 12) in base 10?
-1868672
-1272b (base 16) to base 7
-433205
What is 4129305 (base 10) in base 5?
2024114210
What is 2476837 (base 9) in base 12?
551351
Convert 539a2a (base 14) to base 4.
22303023112
Convert 3890e7 (base 16) to base 10.
3707111
What is 1021112120 (base 3) in base 8?
61133
Convert -1110111100110001110 (base 2) to base 13.
-141c84
511021 (base 6) to base 10
40405
What is -253113 (base 6) in base 11?
-1608a
Convert -10866 (base 16) to base 10.
-67686
-1914050 (base 14) to base 7
-210364130
Convert 2a14c (base 14) to base 6.
2123544
What is -13314352 (base 6) in base 9?
-748135
Convert -39560 (base 13) to base 16.
-19f8b
What is -10000101101010001011110 (base 2) in base 11?
-2521624
What is -111000000001100011 (base 2) in base 7?
-1644011
Convert 422615 (base 13) to base 16.
179dc8
Convert 15618 (base 16) to base 12.
42820
What is -936520 (base 10) in base 3?
-1202120122221
What is 1011102120011 (base 3) in base 16?
97069
What is -1254304 (base 6) in base 4?
-101000200
Convert -237a6a (base 13) to base 16.
-ce672
What is 1000000101010000011 (base 2) in base 6?
5402031
What is -3e8c (base 16) in base 9?
-23861
What is -11243223 (base 7) in base 5?
-223014204
What is 400422412 (base 5) in base 4?
12000322133
Convert -231301102032 (base 4) to base 3.
-211120120122100
What is -22cd9d (base 14) in base 13?
-327a1c
What is -130224401 (base 5) in base 16?
-9a90d
Convert -20036263 (base 7) to base 6.
-55300534
-12034252 (base 6) to base 2
-1011100010011111000
bfb7b6 (base 16) to base 6
1125144314
What is -13415 (base 14) in base 16?
-b95b
What is -1404c (base 16) in base 4?
-110001030
What is -3e18ee (base 15) in base 4?
-23122202102
Convert -1b843c8 (base 14) to base 5.
-12010432133
Convert -17695a6 (base 11) to base 4.
-23130102220
What is 213323010 (base 4) in base 16?
27ec4
What is -220223000 (base 4) in base 10?
-166592
Convert 20521154 (base 6) to base 15.
bd3da
What is -16c4b4 (base 16) in base 12?
-5bb618
48085 (base 9) to base 12
16735
What is 14489a (base 12) in base 5?
41334313
112202210010 (base 3) to base 7
2320362
What is -4b049 (base 14) in base 11?
-1161a4
Convert 2530105 (base 7) to base 8.
1175676
-36423324 (base 8) to base 6
-443325420
What is 470cee (base 16) in base 3?
22202120100000
-188526 (base 12) to base 9
-723783
66027 (base 9) to base 10
43765
-aba3a (base 16) to base 10
-703034
What is -1002011121220210 (base 3) in base 15?
-1563689
-1166c3 (base 14) to base 16
-91083
Convert -758174 (base 9) to base 7.
-3562105
-325202 (base 9) to base 13
-6a451
Convert -5c1463 (base 13) to base 14.
-414767
1051445 (base 11) to base 4
13002311212
-7d825 (base 14) to base 16
-4ac09
-155342401 (base 6) to base 2
-1100101111110101100001
750967 (base 10) to base 6
24032411
Convert 2365dc (base 14) to base 9.
2241715
Convert 11232332123 (base 4) to base 15.
1ea58b
What is 61f44 (base 16) in base 5?
100314340
136593 (base 13) to base 6
14033043
What is -4b0466 (base 12) in base 6?
-42123010
Convert 321402244 (base 5) to base 12.
55507a
Convert -13141402 (base 5) to base 13.
-47737
1516845 (base 9) to base 12
345172
-40d6 (base 15) to base 7
-54642
-544163 (base 11) to base 14
-188b53
Convert 4c42ac (base 13) to base 4.
13000201310
What is 2434210240 (base 5) in base 16?
58151a
What is -10101100100100000111 (base 2) in base 9?
-1286518
212502 (base 7) to base 12
19470
Convert -37692bb (base 12) to base 14.
-1622703
ca7fc (base 16) to base 3
1120010202212
What is -3dd80f (base 16) in base 3?
-21121220200101
45665 (base 10) to base 2
1011001001100001
Convert 11e7c (base 16) to base 9.
121538
464226 (base 9) to base 7
2240301
-4cd6cc (base 15) to base 14
-6c0c93
What is -2495b (base 14) in base 3?
-11112222111
-7385703 (base 10) to base 12
-2582173
-110123120 (base 4) to base 14
-226c8
131430024 (base 5) to base 7
5365443
What is -4332122 (base 5) in base 9?
-122503
What is 1bea66 (base 15) in base 16?
14d756
19505 (base 11) to base 3
1101100112
What is -13c301 (base 16) in base 8?
-4741401
What is -203302103212 (base